{"id":47963,"date":"2026-02-05T10:48:45","date_gmt":"2026-02-05T09:48:45","guid":{"rendered":"https:\/\/www.choral-events.com\/aviso-legal\/"},"modified":"2026-02-28T18:19:15","modified_gmt":"2026-02-28T17:19:15","slug":"aviso-legal","status":"publish","type":"page","link":"https:\/\/www.choral-events.com\/es\/aviso-legal\/","title":{"rendered":"Aviso legal"},"content":{"rendered":"<div class=\"fusion-fullwidth fullwidth-box fusion-builder-row-1 fusion-flex-container nonhundred-percent-fullwidth non-hundred-percent-height-scrolling\" style=\"--awb-border-radius-top-left:0px;--awb-border-radius-top-right:0px;--awb-border-radius-bottom-right:0px;--awb-border-radius-bottom-left:0px;--awb-flex-wrap:wrap;\" ><div class=\"fusion-builder-row fusion-row fusion-flex-align-items-flex-start fusion-flex-content-wrap\" style=\"max-width:1289.6px;margin-left: calc(-4% \/ 2 );margin-right: calc(-4% \/ 2 );\"><div class=\"fusion-layout-column fusion_builder_column fusion-builder-column-0 fusion_builder_column_1_1 1_1 fusion-flex-column\" style=\"--awb-bg-size:cover;--awb-width-large:100%;--awb-margin-top-large:0px;--awb-spacing-right-large:1.92%;--awb-margin-bottom-large:0px;--awb-spacing-left-large:1.92%;--awb-width-medium:100%;--awb-spacing-right-medium:1.92%;--awb-spacing-left-medium:1.92%;--awb-width-small:100%;--awb-spacing-right-small:1.92%;--awb-spacing-left-small:1.92%;\"><div class=\"fusion-column-wrapper fusion-flex-justify-content-flex-start fusion-content-layout-column\"><div class=\"fusion-text fusion-text-1\"><p><strong>De conformidad con las disposiciones de la ley n.\u00ba 2004-575 de 21 de junio de 2004 para la confianza en la econom\u00eda digital, se precisa a los usuarios del sitio www.r2i-investissement.com la identidad de los diferentes intervinientes en el marco de su realizaci\u00f3n y seguimiento.<\/strong><\/p>\n<p>Sitio web: www.choral-events.com<br \/>Asociaci\u00f3n ley 1901: CHORAL EVENTS<br \/>Direcci\u00f3n de la sede social: 564 Avenue des 5 Ponts, 83470 Saint Maximin Ste Baume<br \/>Tel.: +33 (0)494 78 63 84<br \/>Email: <a href=\"mailto:admin@choral-events.com\" target=\"_blank\" rel=\"noopener noreferrer\">admin@choral-events.com<\/a><\/p>\n<p>SIRET: 842 304 966 00026<br \/>APE: 9002Z<br \/>SP Brignoles 16.08.2018 \u2013 RNA: W833004248<\/p>\n<p>IVA intracomunitario: FR 17 842304966<br \/>Registro de Turismo y Agencias de Viajes n.\u00ba IM083240001 en el registro de operadores de ATOUT France<br \/>RCP GROUPAMA<br \/>Garant\u00eda financiera: GROUPAMA ASSURANCE-CREDIT &amp; CAUTION<br \/>8-10, rue d&#8217;Astorg 75008 PAR\u00cdS<\/p>\n<p>Director de publicaci\u00f3n, representante legal: Sra. Marine Eme<br \/>Concepci\u00f3n y dise\u00f1o del sitio web: <a href=\"https:\/\/www.digibloom.fr\/\">DIGIBLOOM<\/a><br \/>Alojamiento: 1and1 Ionos Internet SARL, 7 place de la Gare, BP 70109, 57201 Sarreguemines Cedex<\/p>\n<p><strong>Ley de inform\u00e1tica y libertades<\/strong>: Todo usuario dispone de un derecho de acceso, modificaci\u00f3n, rectificaci\u00f3n y supresi\u00f3n de los datos que le conciernen, de conformidad con la ley n.\u00ba 7817 de 6\/01\/78 (Inform\u00e1tica y Libertades), dirigi\u00e9ndose a admin@choral-events.com<\/p>\n<p><strong>Propiedad<\/strong>: El sitio y la informaci\u00f3n que contiene est\u00e1n protegidos por la ley francesa sobre propiedad intelectual y por los convenios internacionales. Salvo uso en el \u00e1mbito familiar o uso privado, el sitio y ning\u00fan elemento de su contenido pueden ser reproducidos, republicados, retranscritos, modificados o retransmitidos sin la autorizaci\u00f3n previa de los titulares de derechos. <\/p>\n<p><strong>Cr\u00e9ditos fotogr\u00e1ficos<\/strong>: Manongvia Photographe, Visualhunt.com (kekko64, Daniele Pesciallo, Justin in SD, stefanjurca, peregrino27, IVAN 63, Renaud Camus, diblasio61, Bert Kaufmann, SBA73), Shutterstock<\/p>\n<\/div><\/div><\/div><\/div><\/div>\n","protected":false},"excerpt":{"rendered":"","protected":false},"author":1,"featured_media":0,"parent":0,"menu_order":0,"comment_status":"closed","ping_status":"closed","template":"","meta":{"_acf_changed":false,"content-type":"","footnotes":""},"class_list":["post-47963","page","type-page","status-publish","hentry"],"acf":[],"yoast_head":"<!-- This site is optimized with the Yoast SEO plugin v27.5 - https:\/\/yoast.com\/product\/yoast-seo-wordpress\/ -->\n<title>Aviso legal | Choral Events<\/title>\n<meta name=\"robots\" content=\"index, follow, max-snippet:-1, max-image-preview:large, max-video-preview:-1\" \/>\n<link rel=\"canonical\" href=\"https:\/\/www.choral-events.com\/es\/aviso-legal\/\" \/>\n<meta property=\"og:locale\" content=\"es_ES\" \/>\n<meta property=\"og:type\" content=\"article\" \/>\n<meta property=\"og:title\" content=\"Aviso legal | Choral Events\" \/>\n<meta property=\"og:url\" content=\"https:\/\/www.choral-events.com\/es\/aviso-legal\/\" \/>\n<meta property=\"og:site_name\" content=\"Choral Events\" \/>\n<meta property=\"article:publisher\" content=\"https:\/\/www.facebook.com\/festival.concours.chorales\" \/>\n<meta property=\"article:modified_time\" content=\"2026-02-28T17:19:15+00:00\" \/>\n<meta property=\"og:image\" content=\"https:\/\/www.choral-events.com\/wp-content\/uploads\/2026\/03\/Choral-Events-Yoast.jpg\" \/>\n\t<meta property=\"og:image:width\" content=\"1200\" \/>\n\t<meta property=\"og:image:height\" content=\"675\" \/>\n\t<meta property=\"og:image:type\" content=\"image\/jpeg\" \/>\n<meta name=\"twitter:card\" content=\"summary_large_image\" \/>\n<script type=\"application\/ld+json\" class=\"yoast-schema-graph\">{\"@context\":\"https:\\\/\\\/schema.org\",\"@graph\":[{\"@type\":\"WebPage\",\"@id\":\"https:\\\/\\\/www.choral-events.com\\\/es\\\/aviso-legal\\\/\",\"url\":\"https:\\\/\\\/www.choral-events.com\\\/es\\\/aviso-legal\\\/\",\"name\":\"Aviso legal | Choral Events\",\"isPartOf\":{\"@id\":\"https:\\\/\\\/www.choral-events.com\\\/es\\\/#website\"},\"datePublished\":\"2026-02-05T09:48:45+00:00\",\"dateModified\":\"2026-02-28T17:19:15+00:00\",\"breadcrumb\":{\"@id\":\"https:\\\/\\\/www.choral-events.com\\\/es\\\/aviso-legal\\\/#breadcrumb\"},\"inLanguage\":\"es\",\"potentialAction\":[{\"@type\":\"ReadAction\",\"target\":[\"https:\\\/\\\/www.choral-events.com\\\/es\\\/aviso-legal\\\/\"]}]},{\"@type\":\"BreadcrumbList\",\"@id\":\"https:\\\/\\\/www.choral-events.com\\\/es\\\/aviso-legal\\\/#breadcrumb\",\"itemListElement\":[{\"@type\":\"ListItem\",\"position\":1,\"name\":\"Accueil\",\"item\":\"https:\\\/\\\/www.choral-events.com\\\/es\\\/inicio\\\/\"},{\"@type\":\"ListItem\",\"position\":2,\"name\":\"Aviso legal\"}]},{\"@type\":\"WebSite\",\"@id\":\"https:\\\/\\\/www.choral-events.com\\\/es\\\/#website\",\"url\":\"https:\\\/\\\/www.choral-events.com\\\/es\\\/\",\"name\":\"Choral Events\",\"description\":\"Cr\u00e9ateur d&#039;\u00e9motions musicales\",\"publisher\":{\"@id\":\"https:\\\/\\\/www.choral-events.com\\\/es\\\/#organization\"},\"potentialAction\":[{\"@type\":\"SearchAction\",\"target\":{\"@type\":\"EntryPoint\",\"urlTemplate\":\"https:\\\/\\\/www.choral-events.com\\\/es\\\/?s={search_term_string}\"},\"query-input\":{\"@type\":\"PropertyValueSpecification\",\"valueRequired\":true,\"valueName\":\"search_term_string\"}}],\"inLanguage\":\"es\"},{\"@type\":\"Organization\",\"@id\":\"https:\\\/\\\/www.choral-events.com\\\/es\\\/#organization\",\"name\":\"Choral Events\",\"url\":\"https:\\\/\\\/www.choral-events.com\\\/es\\\/\",\"logo\":{\"@type\":\"ImageObject\",\"inLanguage\":\"es\",\"@id\":\"https:\\\/\\\/www.choral-events.com\\\/es\\\/#\\\/schema\\\/logo\\\/image\\\/\",\"url\":\"https:\\\/\\\/www.choral-events.com\\\/wp-content\\\/uploads\\\/2025\\\/11\\\/logo-choral-events-fond-blanc.png\",\"contentUrl\":\"https:\\\/\\\/www.choral-events.com\\\/wp-content\\\/uploads\\\/2025\\\/11\\\/logo-choral-events-fond-blanc.png\",\"width\":1361,\"height\":399,\"caption\":\"Choral Events\"},\"image\":{\"@id\":\"https:\\\/\\\/www.choral-events.com\\\/es\\\/#\\\/schema\\\/logo\\\/image\\\/\"},\"sameAs\":[\"https:\\\/\\\/www.facebook.com\\\/festival.concours.chorales\",\"https:\\\/\\\/www.instagram.com\\\/choralevents\\\/\",\"https:\\\/\\\/www.youtube.com\\\/channel\\\/UCFeTEnm9LTKGSQrfHyLRksw\"]}]}<\/script>\n<!-- \/ Yoast SEO plugin. -->","yoast_head_json":{"title":"Aviso legal | Choral Events","robots":{"index":"index","follow":"follow","max-snippet":"max-snippet:-1","max-image-preview":"max-image-preview:large","max-video-preview":"max-video-preview:-1"},"canonical":"https:\/\/www.choral-events.com\/es\/aviso-legal\/","og_locale":"es_ES","og_type":"article","og_title":"Aviso legal | Choral Events","og_url":"https:\/\/www.choral-events.com\/es\/aviso-legal\/","og_site_name":"Choral Events","article_publisher":"https:\/\/www.facebook.com\/festival.concours.chorales","article_modified_time":"2026-02-28T17:19:15+00:00","og_image":[{"width":1200,"height":675,"url":"https:\/\/www.choral-events.com\/wp-content\/uploads\/2026\/03\/Choral-Events-Yoast.jpg","type":"image\/jpeg"}],"twitter_card":"summary_large_image","schema":{"@context":"https:\/\/schema.org","@graph":[{"@type":"WebPage","@id":"https:\/\/www.choral-events.com\/es\/aviso-legal\/","url":"https:\/\/www.choral-events.com\/es\/aviso-legal\/","name":"Aviso legal | Choral Events","isPartOf":{"@id":"https:\/\/www.choral-events.com\/es\/#website"},"datePublished":"2026-02-05T09:48:45+00:00","dateModified":"2026-02-28T17:19:15+00:00","breadcrumb":{"@id":"https:\/\/www.choral-events.com\/es\/aviso-legal\/#breadcrumb"},"inLanguage":"es","potentialAction":[{"@type":"ReadAction","target":["https:\/\/www.choral-events.com\/es\/aviso-legal\/"]}]},{"@type":"BreadcrumbList","@id":"https:\/\/www.choral-events.com\/es\/aviso-legal\/#breadcrumb","itemListElement":[{"@type":"ListItem","position":1,"name":"Accueil","item":"https:\/\/www.choral-events.com\/es\/inicio\/"},{"@type":"ListItem","position":2,"name":"Aviso legal"}]},{"@type":"WebSite","@id":"https:\/\/www.choral-events.com\/es\/#website","url":"https:\/\/www.choral-events.com\/es\/","name":"Choral Events","description":"Cr\u00e9ateur d&#039;\u00e9motions musicales","publisher":{"@id":"https:\/\/www.choral-events.com\/es\/#organization"},"potentialAction":[{"@type":"SearchAction","target":{"@type":"EntryPoint","urlTemplate":"https:\/\/www.choral-events.com\/es\/?s={search_term_string}"},"query-input":{"@type":"PropertyValueSpecification","valueRequired":true,"valueName":"search_term_string"}}],"inLanguage":"es"},{"@type":"Organization","@id":"https:\/\/www.choral-events.com\/es\/#organization","name":"Choral Events","url":"https:\/\/www.choral-events.com\/es\/","logo":{"@type":"ImageObject","inLanguage":"es","@id":"https:\/\/www.choral-events.com\/es\/#\/schema\/logo\/image\/","url":"https:\/\/www.choral-events.com\/wp-content\/uploads\/2025\/11\/logo-choral-events-fond-blanc.png","contentUrl":"https:\/\/www.choral-events.com\/wp-content\/uploads\/2025\/11\/logo-choral-events-fond-blanc.png","width":1361,"height":399,"caption":"Choral Events"},"image":{"@id":"https:\/\/www.choral-events.com\/es\/#\/schema\/logo\/image\/"},"sameAs":["https:\/\/www.facebook.com\/festival.concours.chorales","https:\/\/www.instagram.com\/choralevents\/","https:\/\/www.youtube.com\/channel\/UCFeTEnm9LTKGSQrfHyLRksw"]}]}},"_links":{"self":[{"href":"https:\/\/www.choral-events.com\/es\/wp-json\/wp\/v2\/pages\/47963","targetHints":{"allow":["GET"]}}],"collection":[{"href":"https:\/\/www.choral-events.com\/es\/wp-json\/wp\/v2\/pages"}],"about":[{"href":"https:\/\/www.choral-events.com\/es\/wp-json\/wp\/v2\/types\/page"}],"author":[{"embeddable":true,"href":"https:\/\/www.choral-events.com\/es\/wp-json\/wp\/v2\/users\/1"}],"replies":[{"embeddable":true,"href":"https:\/\/www.choral-events.com\/es\/wp-json\/wp\/v2\/comments?post=47963"}],"version-history":[{"count":1,"href":"https:\/\/www.choral-events.com\/es\/wp-json\/wp\/v2\/pages\/47963\/revisions"}],"predecessor-version":[{"id":47966,"href":"https:\/\/www.choral-events.com\/es\/wp-json\/wp\/v2\/pages\/47963\/revisions\/47966"}],"wp:attachment":[{"href":"https:\/\/www.choral-events.com\/es\/wp-json\/wp\/v2\/media?parent=47963"}],"curies":[{"name":"wp","href":"https:\/\/api.w.org\/{rel}","templated":true}]}}

<div class="fusion-fullwidth fullwidth-box fusion-builder-row-1 fusion-flex-container nonhundred-percent-fullwidth non-hundred-percent-height-scrolling" style="--awb-border-radius-top-left:0px;--awb-border-radius-top-right:0px;--awb-border-radius-bottom-right:0px;--awb-border-radius-bottom-left:0px;--awb-flex-wrap:wrap;" ><div class="fusion-builder-row fusion-row fusion-flex-align-items-flex-start fusion-flex-content-wrap" style="max-width:1289.6px;margin-left: calc(-4% / 2 );margin-right: calc(-4% / 2 );"><div class="fusion-layout-column fusion_builder_column fusion-builder-column-0 fusion_builder_column_1_1 1_1 fusion-flex-column" style="--awb-bg-size:cover;--awb-width-large:100%;--awb-margin-top-large:0px;--awb-spacing-right-large:1.92%;--awb-margin-bottom-large:0px;--awb-spacing-left-large:1.92%;--awb-width-medium:100%;--awb-spacing-right-medium:1.92%;--awb-spacing-left-medium:1.92%;--awb-width-small:100%;--awb-spacing-right-small:1.92%;--awb-spacing-left-small:1.92%;"><div class="fusion-column-wrapper fusion-flex-justify-content-flex-start fusion-content-layout-column"><div class="fusion-text fusion-text-1"><p><strong>De conformidad con las disposiciones de la ley n.º 2004-575 de 21 de junio de 2004 para la confianza en la economía digital, se precisa a los usuarios del sitio www.r2i-investissement.com la identidad de los diferentes intervinientes en el marco de su realización y seguimiento.</strong></p>
<p>Sitio web: www.choral-events.com<br />Asociación ley 1901: CHORAL EVENTS<br />Dirección de la sede social: 564 Avenue des 5 Ponts, 83470 Saint Maximin Ste Baume<br />Tel.: +33 (0)494 78 63 84<br />Email: <a href="mailto:admin@choral-events.com" target="_blank" rel="noopener noreferrer">admin@choral-events.com</a></p>
<p>SIRET: 842 304 966 00026<br />APE: 9002Z<br />SP Brignoles 16.08.2018 – RNA: W833004248</p>
<p>IVA intracomunitario: FR 17 842304966<br />Registro de Turismo y Agencias de Viajes n.º IM083240001 en el registro de operadores de ATOUT France<br />RCP GROUPAMA<br />Garantía financiera: GROUPAMA ASSURANCE-CREDIT &amp; CAUTION<br />8-10, rue d&#8217;Astorg 75008 PARÍS</p>
<p>Director de publicación, representante legal: Sra. Marine Eme<br />Concepción y diseño del sitio web: <a href="https://www.digibloom.fr/">DIGIBLOOM</a><br />Alojamiento: 1and1 Ionos Internet SARL, 7 place de la Gare, BP 70109, 57201 Sarreguemines Cedex</p>
<p><strong>Ley de informática y libertades</strong>: Todo usuario dispone de un derecho de acceso, modificación, rectificación y supresión de los datos que le conciernen, de conformidad con la ley n.º 7817 de 6/01/78 (Informática y Libertades), dirigiéndose a admin@choral-events.com</p>
<p><strong>Propiedad</strong>: El sitio y la información que contiene están protegidos por la ley francesa sobre propiedad intelectual y por los convenios internacionales. Salvo uso en el ámbito familiar o uso privado, el sitio y ningún elemento de su contenido pueden ser reproducidos, republicados, retranscritos, modificados o retransmitidos sin la autorización previa de los titulares de derechos. </p>
<p><strong>Créditos fotográficos</strong>: Manongvia Photographe, Visualhunt.com (kekko64, Daniele Pesciallo, Justin in SD, stefanjurca, peregrino27, IVAN 63, Renaud Camus, diblasio61, Bert Kaufmann, SBA73), Shutterstock</p>
</div></div></div></div></div>

<!-- This site is optimized with the Yoast SEO plugin v27.5 - https://yoast.com/product/yoast-seo-wordpress/ -->
<title>Aviso legal | Choral Events</title>
<meta name="robots" content="index, follow, max-snippet:-1, max-image-preview:large, max-video-preview:-1" />
<link rel="canonical" href="https://www.choral-events.com/es/aviso-legal/" />
<meta property="og:locale" content="es_ES" />
<meta property="og:type" content="article" />
<meta property="og:title" content="Aviso legal | Choral Events" />
<meta property="og:url" content="https://www.choral-events.com/es/aviso-legal/" />
<meta property="og:site_name" content="Choral Events" />
<meta property="article:publisher" content="https://www.facebook.com/festival.concours.chorales" />
<meta property="article:modified_time" content="2026-02-28T17:19:15+00:00" />
<meta property="og:image" content="https://www.choral-events.com/wp-content/uploads/2026/03/Choral-Events-Yoast.jpg" />
	<meta property="og:image:width" content="1200" />
	<meta property="og:image:height" content="675" />
	<meta property="og:image:type" content="image/jpeg" />
<meta name="twitter:card" content="summary_large_image" />
<script type="application/ld+json" class="yoast-schema-graph">{"@context":"https:\/\/schema.org","@graph":[{"@type":"WebPage","@id":"https:\/\/www.choral-events.com\/es\/aviso-legal\/","url":"https:\/\/www.choral-events.com\/es\/aviso-legal\/","name":"Aviso legal | Choral Events","isPartOf":{"@id":"https:\/\/www.choral-events.com\/es\/#website"},"datePublished":"2026-02-05T09:48:45+00:00","dateModified":"2026-02-28T17:19:15+00:00","breadcrumb":{"@id":"https:\/\/www.choral-events.com\/es\/aviso-legal\/#breadcrumb"},"inLanguage":"es","potentialAction":[{"@type":"ReadAction","target":["https:\/\/www.choral-events.com\/es\/aviso-legal\/"]}]},{"@type":"BreadcrumbList","@id":"https:\/\/www.choral-events.com\/es\/aviso-legal\/#breadcrumb","itemListElement":[{"@type":"ListItem","position":1,"name":"Accueil","item":"https:\/\/www.choral-events.com\/es\/inicio\/"},{"@type":"ListItem","position":2,"name":"Aviso legal"}]},{"@type":"WebSite","@id":"https:\/\/www.choral-events.com\/es\/#website","url":"https:\/\/www.choral-events.com\/es\/","name":"Choral Events","description":"Créateur d&#039;émotions musicales","publisher":{"@id":"https:\/\/www.choral-events.com\/es\/#organization"},"potentialAction":[{"@type":"SearchAction","target":{"@type":"EntryPoint","urlTemplate":"https:\/\/www.choral-events.com\/es\/?s={search_term_string}"},"query-input":{"@type":"PropertyValueSpecification","valueRequired":true,"valueName":"search_term_string"}}],"inLanguage":"es"},{"@type":"Organization","@id":"https:\/\/www.choral-events.com\/es\/#organization","name":"Choral Events","url":"https:\/\/www.choral-events.com\/es\/","logo":{"@type":"ImageObject","inLanguage":"es","@id":"https:\/\/www.choral-events.com\/es\/#\/schema\/logo\/image\/","url":"https:\/\/www.choral-events.com\/wp-content\/uploads\/2025\/11\/logo-choral-events-fond-blanc.png","contentUrl":"https:\/\/www.choral-events.com\/wp-content\/uploads\/2025\/11\/logo-choral-events-fond-blanc.png","width":1361,"height":399,"caption":"Choral Events"},"image":{"@id":"https:\/\/www.choral-events.com\/es\/#\/schema\/logo\/image\/"},"sameAs":["https:\/\/www.facebook.com\/festival.concours.chorales","https:\/\/www.instagram.com\/choralevents\/","https:\/\/www.youtube.com\/channel\/UCFeTEnm9LTKGSQrfHyLRksw"]}]}</script>
<!-- / Yoast SEO plugin. -->

Créateur d&#039;émotions musicales
